(f) = -6*f**2 + 47*f + 13. Let x(l) = 5*l**2 - 38*l - 11. Let a(i) = -4*v(i) - 5*x(i). Calculate a(5).
-12
Let x(q) = -4*q - 14. Let p be x(-6). Suppose p*c = 4*c + 18. Let g(w) = 0*w**2 - 6*w**2 - w**3 - 4 - 4*w**2 + c*w**2. Calculate g(-7).
-4
Let j(x) = 2*x**3 + 18*x**2 + 17*x + 3. Suppose -2*n - 2*r = 12, -5*n + 2*r - 41 = 3. Determine j(n).
-5
Let u(b) = b**2 - 10*b + 8. Let a(j) = j**2 - 14*j + 8. Let h(t) = 4*a(t) - 5*u(t). Suppose -6*x = -5*x - 8. Let l be (-4)/x*(11 + 1). Determine h(l).
-8
Let u(x) = 11*x - x**2 - 28*x + 7*x + 0*x - 13. Let s be u(-7). Let a(d) = d**2 - 6*d - 7. What is a(s)?
9
Let b(i) be the first derivative of -i**4/4 - i**2 + 8*i - 2. Let t(k) be the first derivative of b(k). Let c be -3 - (-1)/7*0. Determine t(c).
-29
Suppose 4*s + 93 - 133 = 0. Let q(j) = 0*j**2 - s - 5060*j - j**3 + j**2 + 5060*j. Let l = 0 - 0. Determine q(l).
-10
Let g(h) = h**3 - 7*h**2 - h + 6. Suppose -4*k + 3*k + 20 = 0. Suppose 0 = -5*r - 35 - k. Let m = 18 + r. Determine g(m).
-1
Let d = 209 + -217. Let y(l) = -6*l - 113*l**2 + 0*l + 16 + 225*l**2 - 113*l**2. What is y(d)?
0
Let c(m) be the first derivative of -3*m**2/2 - 6*m + 96717. Let b(p) = p. Let v be b(6). Calculate c(v).
-24
Let p be (-41)/(-13) - 3 - 47824/(-104). Let h = -460 + p. Let b(s) = -s**2 + s - 30. Give b(h).
-30
Let h(k) = 5*k**2 + 19*k + 86. Let s(l) = -6*l**2 - 19*l - 106. Let d(w) = 5*h(w) + 4*s(w). Calculate d(-18).
-12
Let z(f) be the third derivative of f**5/60 + 3*f**4/8 + 4*f**3/3 - 295*f**2. What is z(-3)?
-10
Let j(g) = -g**3 - 15*g + 2 + 13*g**2 + 4*g**3 + 21*g - g**3. Let a be j(-6). Let q(z) = -2*z + 6. Let y be q(a). Let w(f) = 5*f**2 - 2*f + 1. Determine w(y).
17
Let u(i) = 236*i - 488. Let t be u(2). Let l(m) = m**2 + 13*m - 8. Calculate l(t).
40
Suppose 23*i - 19*i - 304 = 0. Let u = i - 79. Let v(z) = -2*z**2 - 4*z - 2. Determine v(u).
-8
Let w be (6/(-4))/1*2. Let h(q) be the first derivative of 5*q**4/24 + 4*q**2 - 8*q + 51. Let r(j) be the second derivative of h(j). Calculate r(w).
-15
Suppose -3*f + 6 = -0*f. Let m(s) = 4*s - 15*s - f + 13*s + 1. Let n = 98 + -94. Determine m(n).
7
Let h(g) be the first derivative of -11*g**6/120 + g**5/60 - g**4/24 + g**3/6 - 29*g**2 - 2*g + 24. Let p(y) be the second derivative of h(y). What is p(1)?
-10
Let w(b) be the first derivative of 2*b**2 - 1/12*b**4 + 5*b + 2 - 1/20*b**5 + 5/6*b**3. Let o(n) be the first derivative of w(n). Give o(-3).
7
Let y(q) be the second derivative of -15*q + 1/2*q**4 + 0 - 1/2*q**2 - 2/3*q**3 + 1/20*q**5. Give y(-6).
23
Let v(d) = 6*d**3 - 880 - 2*d**2 - 876 + 1757. Calculate v(-1).
-7
Let w(c) be the third derivative of -c**5/15 - 5*c**4/24 - c**3 - 1254*c**2. What is w(-3)?
-27
Let t(v) be the first derivative of 3*v**2 - 17*v - 137. What is t(5)?
13
Let b be 21/6 + 1/(-2). Let g(s) = 3*s**2 + 7 - 4*s + s**3 + b*s - 4. Suppose 3*q - 2*w = -9, 34*w = 5*q + 33*w + 15. Give g(q).
6
Let r be (-1)/(-1) + 2 + 0. Let q(f) = 84 + 4*f**2 - f**r - 2*f - f - 82. Let i be 24/9*(-3)/(-2). What is q(i)?
-10
Let r(z) be the second derivative of -z**5/20 + 13*z**4/6 - z**3/3 + 30*z**2 + 90*z. Determine r(26).
8
Let c(g) be the second derivative of 2*g**4/3 - 29*g**3/3 + 2*g**2 - 7241*g. Determine c(7).
-10
Let m(w) = w**2 + 5*w - 3. Let c be m(2). Let a(v) = 5*v**2 - 9*v + 13. Let p(l) = 14*l**2 - 26*l + 38. Let o(r) = c*a(r) - 4*p(r). Give o(8).
-33
Suppose 24 = 6*i - i + 3*l, l + 12 = 5*i. Let a(j) = -j**i - j**2 + 6*j**2 - 4 + 32*j - 20*j - 13*j. Calculate a(4).
8
Let q(s) = s - 2. Let o(j) = j**3 + 7*j**2 + 8*j - 4. Let n be o(-5). Suppose 4*t - 4 = 0, -4*m - 3*t = -n*t - 121. Suppose -7*w - 10 = -m. What is q(w)?
1
Suppose 6*g + 19*g - 11*g - 168 = 0. Let q(r) = r**2 - 15*r + 27. Determine q(g).
-9
Suppose -18*r - 42 = -19*r + 5*k, 4*k = -5*r + 123. Suppose -130*q + 121*q = r. Let b(n) = -n**2 - 3*n - 2. Determine b(q).
-2
Let b be (-1088)/(-24) + 8/(-6). Suppose w + 5*j + 2 = 0, -3*w + 5*j - b = -38. Let h(y) = -2*y**2 - 2*y. What is h(w)?
-4
Let z(a) be the third derivative of -a**6/120 - 2*a**5/15 - 5*a**4/24 - a**3/6 - a**2. Suppose u - 11 = -5*t - 45, -6*t = -u + 54. Give z(t).
39
Let k(p) be the third derivative of 7*p**4/12 - p**3/3 + 64*p**2 + 32*p + 2. Let j = -1 - -9. Suppose 2*g + j + 0 = i, g + 7 = 2*i. Determine k(i).
26
Let c(a) = 10*a + 307. Let l = 4760 - 4790. What is c(l)?
7
Let k be 89 - 2/(-6)*(13 + -10). Let w = k + -83. Let a(n) = n + 1. Determine a(w).
8
Let a(g) = 166*g - 825. Let k be a(5). Let y(t) = -t**3 + 3*t**2 + 11*t + 3. Calculate y(k).
8
Let t(s) = -272*s - 248*s + 526*s - 36. Determine t(11).
30
Let w(u) be the first derivative of -4*u**3/3 - u**2/2 + 10*u - 843. Calculate w(-4).
-50
Suppose -5*k = -3*r - 38, -632 = -k - 2*r - 614. Let w(z) be the third derivative of 4/3*z**3 + 0*z + 1/24*z**4 - k*z**2 + 0. What is w(-6)?
2
Let o(x) = x**2 - 8*x - 9. Let f be o(8). Let t(l) be the second derivative of l**4/12 + 2*l**3 + 9*l**2/2 + 3514*l. Calculate t(f).
-18
Let a(z) = -9*z - 133. Suppose -149*b = -147*b + 28. Calculate a(b).
-7
Let h(z) = 4*z**3 - 2*z**2 + 3*z**2 - 9*z**2 + 6*z**2 + 1 + 5*z**3. Suppose 5*n + 9 = 14. Determine h(n).
8
Let c be -2 - 3*(-12)/9. Suppose 0 = -l - 2 + 5, 11 = -c*i - l. Let p(u) = u + 16. Determine p(i).
9
Let d(h) = h**2 - 6*h + 3. Let g(q) = q**3 + q**2 - q + 40. Let r be g(0). Let c be (2 + 3)/(50/r). Give d(c).
-5
Let h(b) = -2*b - 29 - 23 - 22 + 56. Suppose 0 = 4*m - 5*n + 41, 5*m - 20 = 7*m - 2*n. Determine h(m).
0
Let g be (-72)/(-63) + 12/14 + 133. Let u(x) = 143*x**3 + 4 - 1 + 3*x**2 + x - g*x**3 - 3. Determine u(-1).
-6
Suppose -b = 2*g + 13 + 13, -4*g + b = 46. Let d(j) = -j. Let i(k) = k + 9. Let m(p) = 2*d(p) + i(p). Calculate m(g).
21
Suppose -117*u + 352 + 233 = 0. Let o(q) = -q**2 + 0 - 3 - 6*q + 0 + 2*q**2. Calculate o(u).
-8
Let y(q) be the third derivative of 0*q - 5/3*q**3 + 5*q**2 - 1/24*q**4 + 0. Suppose -5*l = 65 - 25. Give y(l).
-2
Let z(v) = 3*v**2 - v + 8*v**2 + 1 - 9*v**2 - 6*v**2 - 6*v**2. What is z(1)?
-10
Let u(n) = -7 + n + 6 + 1 + 1. Suppose 50*z + 16 = 54*z. Suppose 9*v = 7*v - 3*j - 1, 0 = z*v - 3*j - 7. Give u(v).
2
Let u(q) = -q + 5. Let z = 65 + -62. Suppose -4*f + 22 = -2*f + 4*o, -5*f + 4*o = -111. Suppose -4*i - f = m, -i + z*i - m = -5. Calculate u(i).
9
Let l(f) = f**2 + 10*f + 15. Let o be (12 + -12 - 1/6) + 6909/(-882). Determine l(o).
-1
Let l(q) = 9*q**2 - 114*q - 87. Let z(d) = -d**2 + 14*d + 11. Let b(s) = -2*l(s) - 17*z(s). Calculate b(-8).
3
Let w(f) = 14*f + 1. Let x = -5 - -5. Let b be 6 + -5 + (1 - x) + 2. Suppose -5*c - 5*l + 15 = 0, -5*c + b = 2*l + 1. Give w(c).
-13
Let g be 8/(-24) + 866/(-3). Let o = g + 274. Let m(c) = c**3 + 14*c**2 - 14*c + 12. Calculate m(o).
-3
Suppose -3*a - 29 = -2*v, 5*v + 3*a - 44 = a. Let b(m) = -m**3 - 236*m + 228*m - 2 + 11*m**2 - 2. What is b(v)?
16
Let z(o) = 2*o - 1. Let t be z(1). Suppose 0 = -3*c - 4*w - 44 + 37, -3*c + 17 = -2*w. Let i(p) = 2*p**3 + 2*p**2 - p + 0 + p**c + t - p**3. What is i(-2)?
-5
Suppose f + 5*v = 20, -16 = -f - 5*v + v. Let o(m) = f - 5 - 5*m + 1 - 3*m + 4*m. Calculate o(-2).
4
Suppose -3*t = 11 + 7. Let j(a) = -14 + 1144*a - 380*a - 383*a - 383*a - 4. Let g be j(t). Let d(p) = p**2 + 2*p - 7. Determine d(g).
17
Let f(w) = -5*w - 9. Let q(l) = 2*l**2 + 11*l + 17. Let m(y) = 7*f(y) + 4*q(y). Give m(-4).
97
Let p be 80/36 - (-2)/(-9). Let k(o) = -13*o + o - 17*o + 17 - o**p + 4*o**2. Let h(m) = m**2 - 10*m + 6. Let v(y) = -8*h(y) + 3*k(y). Determine v(4).
-9
Let h(m) = m**2 + 221*m + 5231. Let d be h(-27). Let z(o) = -22*o - 159. Give z(d).
-5
Let v(i) = i + 1. Let u(p) = -1. Let n(r) = -14*r - 7. Let j(x) = -n(x) + 4*u(x). Let c(b) = -j(b) + 5*v(b). Determine c(1).
-7
Let k = 224 + -129. Let t(x) = -194*x + 95*x + k*x - 2. What is t(-7)?
26
Let s be -1 + 4 - (-12 + 9). Let w(n) = -s - 2 + 1477*n - 1481*n. Calculate w(-4).
8
Let n = -358 + 45. Let r = 311 + n. Let k(l) = 4*l**2 + 2*l + 1. Give k(r).
13
Let z(y) be the second derivative of -y**5/20 - 5*y**4/3 - 7*y**3/2 - 41*y**2/2 - 52*y. Let i be z(-19). Let f(k) = k**2 + 2*k + 3. Calculate f(i).
6
Let u(p) = -101*p**3 - 2 - 497604*p - 2*p**2 - 25*p**3 + 497606*p. Calculate u(1).
-128
Suppose 3*n = 4*o + 2*n - 163, -121 = -3*o + n. Let r be 2/21*-3 - 30/o. L